ided by z.
10
Suppose 0 = -3*s, -8 = -4*h + 4*s - 0*s. Let z be 4 - h - 0 - -8. What is the remainder when (5/z)/(2/100) is divided by 9?
7
Let a = 5 - 1. Suppose -3*j - 2*j = -k + 22, j - 2 = -3*k. Suppose 2*z - 44 = -k*z. Calculate the remainder when z is divided by a.
3
Let a = -17 + 34. What is the remainder when 31 is divided by a?
14
What is the remainder when 37 is divided by 10/4*(-28)/(-7)?
7
Calculate the remainder when (-1 - (-21)/(-6))*-6 is divided by 7.
6
Calculate the remainder when 15 is divided by (-7 - -1)*3/(-2).
6
Let q(h) = 3*h - 30. Let c(v) = 0 - 10*v + 0. What is the remainder when c(-4) is divided by q(17)?
19
Suppose -5*m + 5*w + 495 = 0, 4*m - 5*m + 3*w + 107 = 0. Calculate the remainder when m is divided by 24.
23
Suppose 6*j - 2*l - 63 = 3*j, j = 4*l + 31. Calculate the remainder when j is divided by 10.
9
Suppose 4*m - 4 = 12. What is the remainder when ((-11)/m)/(1/(-8)) is divided by 8?
6
Let u be (-2)/6*(-9 + 15). Let x(f) be the third derivative of -f**6/30 - f**5/15 - f**4/8 + f**2. Calculate the remainder when x(u) is divided by 8.
6
Let r(a) = -a**2 - a + 1. Suppose 3*f + 3 - 6 = 0. Let u be r(f). Calculate the remainder when 32 is divided by (-17 - 0)*(0 + u).
15
Let k be (0 - 2)*2/(-1). Suppose 3*d - k = d. Suppose 0*l = l - 5. What is the remainder when l is divided by d?
1
Suppose 6 = p + p. Suppose p*f - 612 = -3*f. What is the remainder when f is divided by 35?
32
Let d(n) = 35*n - 1. What is the remainder when d(1) is divided by 19?
15
Let b be 3/(-2)*(-24)/9. Suppose 70 = b*o - 270. Calculate the remainder when o is divided by 22.
19
Suppose q = -5*o + 100, -2*q = -2*o + 2*q + 18. Calculate the remainder when 74 is divided by o.
17
Suppose 2*j - v = 6, 4*j + 22 = 8*j + 3*v. Let y be ((-16)/(-6))/(1/3). Suppose -y = -j*z + 32. Calculate the remainder when z is divided by 6.
4
Let o(d) = d**3 - 3*d**2 + 2*d + 1. Let k = -6 - 6. Calculate the remainder when (-54)/k*16/6 is divided by o(3).
5
Let f = -26 - -44. Calculate the remainder when 35 is divided by f.
17
Let d(a) = a**2 - a + 4. Let c be d(0). Suppose -c*x - 4*q + 55 = 11, 0 = x + 4*q - 2. What is the remainder when 2/(-6) + 326/6 is divided by x?
12
What is the remainder when 209 is divided by -15*(-2)/(-9)*-3?
9
Let c be 6 - (2 + -1 + 0). Suppose -c*g - 2*t = t - 41, 2*t + 3 = g. What is the remainder when 23 is divided by (g - -3) + (-3 - -1)?
7
Suppose -2*c + 5*f + 102 = -0*c, 3*c - 187 = -f. What is the remainder when c is divided by 22?
17
Suppose 0 = 4*d - 5*a - 12, 0 = -d - 2*a - 0*a + 3. What is the remainder when 10 is divided by d?
1
Suppose -22 = -i - i. Let m = i - 0. Suppose -2*v - 3*h = -6*h - 77, -47 = -2*v - 3*h. What is the remainder when v is divided by m?
9
Suppose v = 3*v + 2. Let n = v + 5. Calculate the remainder when n is divided by 2.
0
Let d = -81 - -114. Calculate the remainder when d is divided by 18.
15
Let y be 6/(-15) + (-376)/10. Let m = -24 - y. Let g(v) = 2*v**2 + 2*v + 1. What is the remainder when m is divided by g(-2)?
4
Let f be (1 - 2)*(3 - 2). Let h = -5 + 0. Let x = f - h. Calculate the remainder when 15 is divided by x.
3
Suppose -2*t + c + 2 + 59 = 0, 2*c + 91 = 3*t. What is the remainder when t is divided by 16?
15
Let z(k) = -2*k**2 + 9*k - 1. Let g be z(4). Suppose -g*s - s + 396 = 0. What is the remainder when s is divided by 25?
24
Let c be 2 - (3 + 2 + 19). Let y = c + 36. Calculate the remainder when 40 is divided by y.
12
Let n(m) = m**2 - m + 1. Suppose -7*f = -11*f - 5*v + 58, f - 20 = -4*v. Calculate the remainder when f is divided by n(2).
0
Suppose 2*w - 5*w = 0. Suppose 4*x + 4*b - 223 + 91 = w, 4*x - b - 152 = 0. What is the remainder when x is divided by 13?
11
Suppose 4*h - 24 = 4*m, -h - h - 5*m + 47 = 0. Calculate the remainder when h is divided by 3.
2
What is the remainder when 36 is divided by 1*(-2 + -11)*-1?
10
Suppose 0 = -0*s + 3*s - 75. What is the remainder when 73 is divided by s?
23
Let v(a) = -a**2 - 1 - 2 + 2*a**2 + a. What is the remainder when 4 is divided by v(-3)?
1
Suppose 2*i = 10 - 4. Let n = i - -24. Let m(u) = -2*u - 10. Calculate the remainder when n is divided by m(-10).
7
Let m(i) = i**2 + 10*i + 11. Let a be m(-9). Suppose 7 = 4*r + j, 5*r + 6*j - a*j = -5. Calculate the remainder when r is divided by 1.
0
Let z(l) = l**2 - 8*l. Let d be z(6). Let u = d + 20. Calculate the remainder when 13 is divided by u.
5
Let o be (-2)/(6/39)*-1. Suppose z - o = -u, 0 = -u + z + 4*z - 5. Calculate the remainder when u is divided by 6.
4
Let d = -16 + 81. What is the remainder when d is divided by 17?
14
Suppose 0 = 7*x - 8 - 83. Let o(p) = p + 4. Let b be o(-3). Let s = b + 6. What is the remainder when x is divided by s?
6
Calculate the remainder when 27 is divided by 5*(0 + 56/20).
13
Suppose 9*x - 17 - 10 = 0. What is the remainder when x is divided by 1?
0
Suppose -i = -2, -2*o - o + i + 25 = 0. Calculate the remainder when 35 is divided by o.
8
Suppose -4*f + 5*f = 13. Calculate the remainder when 36 is divided by f.
10
Suppose -3*c + 7 = -2*c. Let y = -71 - -88. Calculate the remainder when y is divided by c.
3
Suppose 0 = 4*a + b - 39, 0*a + 2*a - 2*b - 22 = 0. Calculate the remainder when 39 is divided by a.
9
Suppose -2*y + 30 = 3*y - 5*k, 0 = 2*y - 5*k - 21. Suppose j = 2*j - 8. What is the remainder when j is divided by y/6 - (-9)/2?
3
Let x(t) = 4*t + 67. What is the remainder when x(-13) is divided by ((-3)/(-3))/(1/4)?
3
Let p(z) = 36*z - 9. Let h = 55 + -33. What is the remainder when p(2) is divided by h?
19
Let g = -9 + 21. Calculate the remainder when 21 is divided by g.
9
Let s = -118 + 196. Suppose 4*m + 2*m = s. Calculate the remainder when 23 is divided by m.
10
Let q(s) = 25*s**3 + s**2 - 2*s + 1. Calculate the remainder when 45 is divided by q(1).
20
Let q = -8 - -10. Suppose -q*v - 2*v = -76. Calculate the remainder when v is divided by 7.
5
Suppose 0 = v + v - 14. Let h(o) = 2*o**2 + 14*o + 2. What is the remainder when h(-8) is divided by v?
4
Let t = 124 - 102. Suppose -3*j = -60 - 69. What is the remainder when j is divided by t?
21
Let d(g) = -g**3 + g**2 - g + 1. Let j be d(0). Let z be (-2)/9 + (-224)/(-36). Suppose -i + z = -j. What is the remainder when 12 is divided by i?
5
Let i(w) = w**2 - 2*w + 3. Suppose -4*z - 28 - 3 = -5*x, -3*x + 25 = -4*z. What is the remainder when i(2) is divided by x?
0
Let i(c) = -c**3 + 10*c**2 - 6*c + 4. Calculate the remainder when i(9) is divided by 16.
15
Let q(b) = b**3 + 8*b**2 + 3*b - 8. Calculate the remainder when q(-6) is divided by 24.
22
Let u = -35 - -53. Calculate the remainder when u is divided by 5.
3
Suppose -2*y + 4*q = -18, -2*q - 2*q + 15 = y. Calculate the remainder when y is divided by 6.
5
Let v(x) = x**3 + x**2 - 2*x - 1. Let y be v(-3). Let w = 28 + y. Calculate the remainder when 43 is divided by w.
13
Let j be (-3)/((-18)/46)*3. Suppose -57 + j = -u. What is the remainder when u is divided by 18?
16
Suppose y + 4*x = 14 + 31, 5*y = -3*x + 140. Let d = 8 + -6. Suppose -4*q + 2*q + 22 = -4*p, -2*q - d*p = -16. Calculate the remainder when y is divided by q.
7
Suppose -2*w = -0*w. Let d(m) = -m**2 + 2. Let z be d(w). Calculate the remainder when 22 is divided by z - 2 - 12/(-1).
10
Suppose 82 = 4*l - 5*v, v = 2*l - 4*v - 46. Suppose 2*p = -0*p - 5*r + 18, 5*p - 45 = -3*r. Calculate the remainder when 6/(-4)*(-204)/p is divided by l.
16
Suppose 5 = q - 0*q. Suppose 4*o + q*i - 82 = 10, -4*o = i - 76. Calculate the remainder when o is divided by 5.
3
Let z(u) = u**2 + 5*u - 9. What is the remainder when z(-7) is divided by 3?
2
Let r(q) = q**3 - 7*q**2 + 3*q - 3. Let n be r(7). Calculate the remainder when n/(-6) + (27 - -1) is divided by 10.
5
Let w = -94 + 147. What is the remainder when w is divided by 15?
8
Suppose z - 55 - 2 = -5*b, -z - b = -45. Calculate the remainder when 80 is divided by z.
38
Calculate the remainder when 1/(-3) + (-605)/(-15) is divided by 11.
7
What is the remainder when 50 is divided by ((-20)/(-30))/((-2)/(-33))?
6
Let o = 6 - 0. Calculate the remainder when -10 + 8 - (-1 - 22) is divided by o.
3
Let u be -2 + (2 - (0 + 1)). Calculate the remainder when -3 + (u - 151)/(-4) is divided by 9.
8
What is the remainder when 65 is divided by 141/94*40/6?
5
Su